et x(c) = 3*c**2 - 139*c + 946. Give x(38).
-4
Let w(g) = g**3 - 16*g**2 + 51*g - 536. What is w(15)?
4
Let j(g) = -g**3 + 20*g**2 - 43*g - 14. What is j(17)?
122
Let y(d) = -3*d**3 + 68*d**2 - 71*d + 585. Give y(22).
-9
Let u(d) = -d**3 + 7*d**2 - 2*d - 110. What is u(0)?
-110
Let b(y) = 107*y + 202. What is b(-2)?
-12
Let s(f) = f**3 - 12*f**2 + 31*f - 3. What is s(9)?
33
Let k(s) = 9*s**3 - 83*s**2 + 9*s + 31. Give k(9).
-50
Let g(f) = 3*f**3 + f**2 - 17*f - 83. Determine g(-4).
-191
Let i(n) = -18*n**2 - 2*n + 3. Calculate i(-3).
-153
Let q(p) = -42*p**2 + 418*p + 11. Give q(10).
-9
Let m(t) = -10*t**2 - 335*t + 4361. Determine m(10).
11
Let l(x) = 8*x**2 - 248*x - 514. What is l(-2)?
14
Let j(p) = -2298*p + 11384. What is j(5)?
-106
Let u(v) = -v**2 + 15*v + 7. Give u(-10).
-243
Let j(m) = -969*m - 38781. What is j(-40)?
-21
Let h(f) = f**3 - 34*f**2 + 283*f + 20. What is h(18)?
-70
Let r(s) = 345*s**2 - s + 2. What is r(1)?
346
Let p(w) = w**3 - 28*w**2 - 686*w - 3559. Determine p(45).
-4
Let w(u) = 54*u - 826. What is w(18)?
146
Let j(p) = -p**3 - 42*p**2 + 47*p + 177. Calculate j(-43).
5
Let m(t) = t**2 - 6*t + 76. Calculate m(-12).
292
Let p(o) = 86*o - 3611. Determine p(42).
1
Let j(n) = 174*n + 1672. Determine j(-10).
-68
Let o(c) = -19*c + 8. Calculate o(0).
8
Let k(q) = 320*q - 16890. Calculate k(53).
70
Let s(h) = -106*h - 5927. Determine s(-52).
-415
Let q(b) = -12*b + 330. What is q(28)?
-6
Let x(n) = -10*n**2 + 273*n - 88. Determine x(27).
-7
Let l(k) = -k**2 - 63*k - 261. What is l(-39)?
675
Let j(g) = 6*g**2 + 348*g + 3. What is j(-58)?
3
Let j(o) = -4*o**3 + 13*o**2 - 9*o + 16. What is j(5)?
-204
Let a(x) = 3*x**2 + 52*x + 93. Give a(-12).
-99
Let t(q) = -q**3 - 39*q**2 - 38*q - 6. Calculate t(-38).
-6
Let p(u) = -32*u**2 - 26*u + 14. Determine p(4).
-602
Let v(u) = -157*u - 172. What is v(-1)?
-15
Let o(n) = -n**3 + 16*n**2 - 345. Determine o(15).
-120
Let x(f) = 629*f - 1073. Determine x(2).
185
Let n(j) = -4*j**2 - 56*j + 486. Give n(6).
6
Let h(w) = -3*w**3 + 12*w**2 - w - 66. Give h(-2).
8
Let m(h) = -2*h**3 + 44*h**2 - 10*h + 3. Calculate m(22).
-217
Let y(c) = 11*c + 220. Calculate y(-22).
-22
Let k(a) = -a**3 + 16*a**2 - 42*a - 20. Give k(14).
-216
Let c(j) = -6*j**2 + 47*j - 41. Determine c(7).
-6
Let q(t) = -3*t**3 + 2*t**2 - 2*t + 12. What is q(-5)?
447
Let y(t) = 2*t + 13. Determine y(-15).
-17
Let v(o) = o**3 - 38*o**2 + 25*o + 169. Give v(37).
-275
Let b(x) = -2*x**2 + 90*x - 649. Determine b(36).
-1
Let b(f) = f**3 - 26*f**2 + 4*f - 96. Determine b(26).
8
Let a(v) = 31*v**3 + 4*v + 6. Calculate a(-1).
-29
Let k(c) = c**3 - 6*c**2 - 2*c - 214. What is k(0)?
-214
Let j(z) = z**3 - 55*z**2 + 159*z - 7. Give j(3).
2
Let j(r) = 2*r**3 + 39*r**2 - 17*r + 55. Determine j(-20).
-5
Let y(j) = 20*j - 290. What is y(11)?
-70
Let d(l) = l - 9. What is d(15)?
6
Let p(f) = -56*f - 2519. Give p(-45).
1
Let c(k) = -k**2 + 993*k - 13697. What is c(14)?
9
Let j(q) = q**3 - 11*q**2 + 20*q + 40. Calculate j(8).
8
Let w(c) = 9*c**2 - 3*c + 5. What is w(3)?
77
Let x(u) = -7*u**2 + 37*u - 126. Determine x(4).
-90
Let y(b) = 2*b**2 + 917*b + 34245. Calculate y(-41).
10
Let g(s) = 33*s + 2734. Give g(-83).
-5
Let c(d) = -d**3 - 44*d**2 - 13*d - 2610. Determine c(-45).
0
Let q(i) = 1128*i + 23691. Calculate q(-21).
3
Let c(t) = t**3 - 23*t**2 + 58*t - 10. Calculate c(20).
-50
Let r(i) = i**3 - 330*i**2 + 297*i + 10527. Determine r(329).
-1
Let z(c) = -839*c + 8345. What is z(10)?
-45
Let i(d) = -2*d**3 - 6*d**2 - 7*d - 32. Calculate i(0).
-32
Let c(n) = -4*n**3 - 152*n**2 - 21*n - 40. Calculate c(-38).
758
Let m(p) = 4*p**3 - 17*p**2 + 38*p - 157. What is m(4)?
-21
Let i(p) = -106*p + 265. Determine i(2).
53
Let h(i) = 3*i**2 + 11*i - 74. Calculate h(5).
56
Let d(z) = 2*z**2 + 112*z + 1279. Calculate d(-16).
-1
Let x(l) = -10*l**2 - 152*l + 300. Give x(-17).
-6
Let q(t) = 3*t**3 + 49*t**2 + 62*t + 21. Calculate q(-15).
-9
Let j(y) = y**3 + 37*y**2 - 3*y - 108. What is j(-37)?
3
Let o(k) = -430*k + 3136. Calculate o(7).
126
Let y(o) = 7*o - 250. What is y(37)?
9
Let q(p) = -p**2 + 77*p - 374. Give q(5).
-14
Let t(l) = 2*l**2 - 22*l + 66. Give t(13).
118
Let m(a) = -92*a + 5193. Calculate m(56).
41
Let p(v) = v**2 - 214*v - 2939. Give p(-13).
12
Let m(s) = -2571*s - 28264. What is m(-11)?
17
Let q(f) = -f**3 + 5*f**2 + 9*f - 42. Determine q(4).
10
Let c(a) = -a**2 - 23*a + 258. Determine c(-35).
-162
Let h(x) = -x**2 + 1191*x - 4748. Give h(4).
0
Let p(s) = -502*s - 5517. Calculate p(-11).
5
Let s(j) = j**3 - 14*j**2 + 37*j + 30. Give s(10).
0
Let p(v) = 4*v**2 - 243*v + 2772. Give p(15).
27
Let s(p) = 8*p - 249. Determine s(22).
-73
Let f(i) = i**3 - i**2 - 8*i - 20. What is f(4)?
-4
Let o(f) = -235*f - 1253. Determine o(-7).
392
Let l(h) = h**3 + 39*h**2 - 38*h + 197. What is l(-40)?
117
Let o(d) = -d**2 + 9*d + 17. What is o(-7)?
-95
Let m(x) = x**3 - 20*x**2 + 56*x + 9. Give m(17).
94
Let m(x) = -7*x**2 - 45*x + 31. Give m(-7).
3
Let w(f) = f**2 + 766*f - 16499. What is w(21)?
28
Let h(v) = -v**3 + 4*v**2 + 16*v - 17. Determine h(8).
-145
Let d(z) = -14*z + 736. What is d(26)?
372
Let v(b) = -77*b - 530. What is v(-7)?
9
Let o(a) = -4*a**2 - 6*a - 4. Determine o(0).
-4
Let r(i) = 7*i**2 - 385*i - 2. Determine r(55).
-2
Let w(g) = 2*g**3 - 32*g**2 + 3*g - 56. Calculate w(16).
-8
Let a(c) = -2*c**2 - 44*c + 29. What is a(-11)?
271
Let y(r) = -53*r - 1378. What is y(-26)?
0
Let c(u) = -6*u**2 + 7*u + 22. Calculate c(-9).
-527
Let c(v) = -v**3 + 10*v**2 - 19*v - 4. Calculate c(7).
10
Let k(n) = -n**3 - 62*n**2 + 196*n + 8. Determine k(-65).
-57
Let j(b) = b**2 - 26*b + 135. Determine j(19).
2
Let i(p) = p**2 + 23*p + 141. Give i(-13).
11
Let b(w) = w**2 + 24*w - 15. Give b(-9).
-150
Let p(i) = -i**3 + 6*i**2 + 108*i - 703. Calculate p(7).
4
Let v(i) = 1156*i**2 - 2329*i + 3. Give v(2).
-31
Let l(p) = -p**3 - 32*p**2 + 81*p + 252. Give l(-34).
-190
Let n(h) = -17*h**3 - 21*h**2 - 16*h - 3. Give n(-1).
9
Let o(x) = 3*x**2 - 10*x - 81. Calculate o(-5).
44
Let j(m) = -m**3 + 46*m**2 - 330*m + 8617. What is j(43)?
-26
Let o(m) = 34*m + 632. Determine o(-18).
20
Let t(o) = -429*o + 2148. Give t(5).
3
Let r(v) = -v**3 - 14*v**2 + 44*v + 819. Calculate r(-12).
3
Let y(s) = -s**2 + 73*s + 5320. Give y(-45).
10
Let f(w) = -w**2 - 195*w + 8569. Determine f(37).
-15
Let d(s) = -29*s + 339. What is d(0)?
339
Let w(n) = -103*n - 606. Calculate w(-6).
12
Let h(k) = k**2 - 151*k - 909. Give h(-6).
33
Let x(y) = -y**3 - y**2 + 56*y - 217. Determine x(4).
-73
Let n(l) = -l**3 - 41*l**2 - 9*l - 386. Give n(-41).
-17
Let k(i) = 5*i**2 - 24*i + 17. What is k(3)?
-10
Let m(u) = u**2 - 68*u + 965. Calculate m(48).
5
Let t(x) = x**3 - 28*x**2 + 52*x - 48. Calculate t(26).
-48
Let j(g) = g**3 - 54*g**2 + 233*g - 4070. Determine j(51).
10
Let f(d) = d**3 + 84*d**2 - 440*d + 439. What is f(-89)?
-6
Let x(t) = t**2 - 83*t + 1477. What is x(23)?
97
Let h(w) = -w**2 + 3021*w + 42477. Determine h(-14).
-13
Let o(q) = -q**3 + 9*q**2 - 24*q + 20. Determine o(9).
-196
Let i(z) = -4*z**2 - 95*z - 448. What is i(-6)?
-22
Let w(n) = -n**2 + 13*n - 266. What is w(14)?
-280
Let b(t) = -t**3 + 24*t**2 + 24*t + 7. What is b(25)?
-18
Let g(q) = 47*q + 469. Give g(-9).
46
Let h(k) = k**3 - 8*k**2 - 8*k - 18. Determine h(8).
-82
Let q(n) = -n**3 - 65*n**2 - 1268*n - 77075. Determine q(-64).
-19
Let w(s) = 3*s**2 - 147*s + 278. What is w(46)?
-136
Let o(d) = -2*d**2 - 25*d - 155. What is o(-11)?
-122
Let l(q) = 9*q - 92. Give l(13).
25
Let l(p) = 2*p**3 + 84*p**2 - 174*p + 78. Give l(-44).
-10
Let d(z) = -382*z + 5318. Give d(14).
-30
Let r(j) = 101*j**2 + 3*j - 1. What is r(1)?
103
Let y(l) = 419*l - 874. Calculate y(2).
-36
Let l(y) = y**3 + 10*y**2 + 17*y + 3. Calculate l(-3).
15
Let x(h) = -2*h**2 - 68*h - 46. Give x(-35).
-116
Let n(m) = 2*m**3 + 11*m**2 - 9*m - 38. Give n(-6).
-20
Let h(y) = -7*y**3 - 3*y**2 - y + 5. Calculate h(2).
-65
Let p(h) = 394*h - 1582. Determine p(4).
-6
Let j(y) = y**3 + 14*y**2 - 3*y - 3. Calculate j(-4).
169
Let a(b) = -b**2 + 9*b + 778. Determine a(33).
-14
Let q(f) = 7*f**3 + 431*f**2 - 186*f - 9. Determine q(-62).
-9
Let z(f) = 28*f**2 - 4*f. Calculate z(1).
24
Let i(d) = -22*d + 730. Give i(22).
246
Let x(p) = p**3 - 9*p**2 + 22*p - 13. 